{"id":488,"date":"2024-04-02T13:36:37","date_gmt":"2024-04-02T11:36:37","guid":{"rendered":"https:\/\/chasse-aux-tresors.colmar.live\/?page_id=488"},"modified":"2025-04-10T13:15:25","modified_gmt":"2025-04-10T11:15:25","slug":"accueil","status":"publish","type":"page","link":"https:\/\/chasse-aux-tresors.colmar.live\/","title":{"rendered":"Accueil"},"content":{"rendered":"\t\t<div data-elementor-type=\"wp-page\" data-elementor-id=\"488\" class=\"elementor elementor-488\" data-elementor-post-type=\"page\">\n\t\t\t\t\t\t<section class=\"elementor-section elementor-top-section elementor-element elementor-element-f775dad elementor-section-full_width elementor-section-height-default elementor-section-height-default\" data-id=\"f775dad\" data-element_type=\"section\" data-e-type=\"section\">\n\t\t\t\t\t\t<div class=\"elementor-container elementor-column-gap-no\">\n\t\t\t\t\t<div class=\"elementor-column elementor-col-100 elementor-top-column elementor-element elementor-element-e1ba9e8\" data-id=\"e1ba9e8\" data-element_type=\"column\" data-e-type=\"column\">\n\t\t\t<div class=\"elementor-widget-wrap elementor-element-populated\">\n\t\t\t\t\t\t<div class=\"elementor-element elementor-element-520bd6e elementor-widget elementor-widget-image\" data-id=\"520bd6e\" data-element_type=\"widget\" data-e-type=\"widget\" data-widget_type=\"image.default\">\n\t\t\t\t<div class=\"elementor-widget-container\">\n\t\t\t\t\t\t\t\t\t\t\t\t\t\t\t<img fetchpriority=\"high\" decoding=\"async\" width=\"750\" height=\"422\" src=\"https:\/\/chasse-aux-tresors.colmar.live\/wp-content\/uploads\/2024\/04\/cropped-Photo-de-Colmar-au-crepuscule-Photo-de-Pierre-Blache-1024x576.jpeg\" class=\"attachment-large size-large wp-image-671\" alt=\"Photo de Colmar au cr\u00e9puscule (Photo de Pierre Blach\u00e9)\" srcset=\"https:\/\/chasse-aux-tresors.colmar.live\/wp-content\/uploads\/2024\/04\/cropped-Photo-de-Colmar-au-crepuscule-Photo-de-Pierre-Blache-1024x576.jpeg 1024w, https:\/\/chasse-aux-tresors.colmar.live\/wp-content\/uploads\/2024\/04\/cropped-Photo-de-Colmar-au-crepuscule-Photo-de-Pierre-Blache-300x169.jpeg 300w, https:\/\/chasse-aux-tresors.colmar.live\/wp-content\/uploads\/2024\/04\/cropped-Photo-de-Colmar-au-crepuscule-Photo-de-Pierre-Blache-768x432.jpeg 768w, https:\/\/chasse-aux-tresors.colmar.live\/wp-content\/uploads\/2024\/04\/cropped-Photo-de-Colmar-au-crepuscule-Photo-de-Pierre-Blache-1536x864.jpeg 1536w, https:\/\/chasse-aux-tresors.colmar.live\/wp-content\/uploads\/2024\/04\/cropped-Photo-de-Colmar-au-crepuscule-Photo-de-Pierre-Blache.jpeg 1918w\" sizes=\"(max-width: 750px) 100vw, 750px\" \/>\t\t\t\t\t\t\t\t\t\t\t\t\t\t\t<\/div>\n\t\t\t\t<\/div>\n\t\t\t\t\t<\/div>\n\t\t<\/div>\n\t\t\t\t\t<\/div>\n\t\t<\/section>\n\t\t\t\t<\/div>\n\t\t","protected":false},"excerpt":{"rendered":"","protected":false},"author":1,"featured_media":454,"parent":0,"menu_order":0,"comment_status":"closed","ping_status":"closed","template":"","meta":{"footnotes":""},"class_list":["post-488","page","type-page","status-publish","has-post-thumbnail","hentry"],"yoast_head":"<!-- This site is optimized with the Yoast SEO plugin v24.8.1 - https:\/\/yoast.com\/wordpress\/plugins\/seo\/ -->\n<title>Chasse au Tr\u00e9sor de Colmar 2025<\/title>\n<meta name=\"description\" content=\"Venez vous challenger entre amis ou en famille en tentez de gagner le gros lot en d\u00e9couvrant les myst\u00e8res de Colmar. Samedi 10 Mai 2025, Place Rapp \u00e0 13h30.\" \/>\n<meta name=\"robots\" content=\"index, follow, max-snippet:-1, max-image-preview:large, max-video-preview:-1\" \/>\n<link rel=\"canonical\" href=\"https:\/\/chasse-aux-tresors.colmar.live\/\" \/>\n<meta property=\"og:locale\" content=\"fr_FR\" \/>\n<meta property=\"og:type\" content=\"article\" \/>\n<meta property=\"og:title\" content=\"Chasse au Tr\u00e9sor de Colmar 2025\" \/>\n<meta property=\"og:description\" content=\"Venez vous challenger entre amis ou en famille en tentez de gagner le gros lot en d\u00e9couvrant les myst\u00e8res de Colmar. Samedi 10 Mai 2025, Place Rapp \u00e0 13h30.\" \/>\n<meta property=\"og:url\" content=\"https:\/\/chasse-aux-tresors.colmar.live\/\" \/>\n<meta property=\"og:site_name\" content=\"Chasse au Tr\u00e9sor de Colmar 2025\" \/>\n<meta property=\"article:modified_time\" content=\"2025-04-10T11:15:25+00:00\" \/>\n<meta property=\"og:image\" content=\"https:\/\/chasse-aux-tresors.colmar.live\/wp-content\/uploads\/2024\/04\/Photo-de-la-petite-Venise-a-Colmar-au-Crepuscule.jpeg\" \/>\n\t<meta property=\"og:image:width\" content=\"1920\" \/>\n\t<meta property=\"og:image:height\" content=\"1080\" \/>\n\t<meta property=\"og:image:type\" content=\"image\/jpeg\" \/>\n<meta name=\"twitter:card\" content=\"summary_large_image\" \/>\n<meta name=\"twitter:label1\" content=\"Dur\u00e9e de lecture estim\u00e9e\" \/>\n\t<meta name=\"twitter:data1\" content=\"1 minute\" \/>\n<script type=\"application\/ld+json\" class=\"yoast-schema-graph\">{\"@context\":\"https:\/\/schema.org\",\"@graph\":[{\"@type\":\"WebPage\",\"@id\":\"https:\/\/chasse-aux-tresors.colmar.live\/\",\"url\":\"https:\/\/chasse-aux-tresors.colmar.live\/\",\"name\":\"Chasse au Tr\u00e9sor de Colmar 2025\",\"isPartOf\":{\"@id\":\"https:\/\/chasse-aux-tresors.colmar.live\/#website\"},\"primaryImageOfPage\":{\"@id\":\"https:\/\/chasse-aux-tresors.colmar.live\/#primaryimage\"},\"image\":{\"@id\":\"https:\/\/chasse-aux-tresors.colmar.live\/#primaryimage\"},\"thumbnailUrl\":\"https:\/\/chasse-aux-tresors.colmar.live\/wp-content\/uploads\/2024\/04\/Photo-de-la-petite-Venise-a-Colmar-au-Crepuscule.jpeg\",\"datePublished\":\"2024-04-02T11:36:37+00:00\",\"dateModified\":\"2025-04-10T11:15:25+00:00\",\"description\":\"Venez vous challenger entre amis ou en famille en tentez de gagner le gros lot en d\u00e9couvrant les myst\u00e8res de Colmar. Samedi 10 Mai 2025, Place Rapp \u00e0 13h30.\",\"breadcrumb\":{\"@id\":\"https:\/\/chasse-aux-tresors.colmar.live\/#breadcrumb\"},\"inLanguage\":\"fr-FR\",\"potentialAction\":[{\"@type\":\"ReadAction\",\"target\":[\"https:\/\/chasse-aux-tresors.colmar.live\/\"]}]},{\"@type\":\"ImageObject\",\"inLanguage\":\"fr-FR\",\"@id\":\"https:\/\/chasse-aux-tresors.colmar.live\/#primaryimage\",\"url\":\"https:\/\/chasse-aux-tresors.colmar.live\/wp-content\/uploads\/2024\/04\/Photo-de-la-petite-Venise-a-Colmar-au-Crepuscule.jpeg\",\"contentUrl\":\"https:\/\/chasse-aux-tresors.colmar.live\/wp-content\/uploads\/2024\/04\/Photo-de-la-petite-Venise-a-Colmar-au-Crepuscule.jpeg\",\"width\":1920,\"height\":1080,\"caption\":\"Photo de la petite Venise \u00e0 Colmar au Cr\u00e9puscule (Photo de Pierre Blach\u00e9)\"},{\"@type\":\"BreadcrumbList\",\"@id\":\"https:\/\/chasse-aux-tresors.colmar.live\/#breadcrumb\",\"itemListElement\":[{\"@type\":\"ListItem\",\"position\":1,\"name\":\"Accueil\",\"item\":\"https:\/\/chasse-aux-tresors.colmar.live\/\"},{\"@type\":\"ListItem\",\"position\":2,\"name\":\"Accueil\"}]},{\"@type\":\"WebSite\",\"@id\":\"https:\/\/chasse-aux-tresors.colmar.live\/#website\",\"url\":\"https:\/\/chasse-aux-tresors.colmar.live\/\",\"name\":\"Chasse au Tr\u00e9sor de Colmar 2025\",\"description\":\"Colmar au Moyen-\u00e2ge\",\"publisher\":{\"@id\":\"https:\/\/chasse-aux-tresors.colmar.live\/#organization\"},\"potentialAction\":[{\"@type\":\"SearchAction\",\"target\":{\"@type\":\"EntryPoint\",\"urlTemplate\":\"https:\/\/chasse-aux-tresors.colmar.live\/?s={search_term_string}\"},\"query-input\":{\"@type\":\"PropertyValueSpecification\",\"valueRequired\":true,\"valueName\":\"search_term_string\"}}],\"inLanguage\":\"fr-FR\"},{\"@type\":\"Organization\",\"@id\":\"https:\/\/chasse-aux-tresors.colmar.live\/#organization\",\"name\":\"Chasse au Tr\u00e9sor de Colmar 2025\",\"url\":\"https:\/\/chasse-aux-tresors.colmar.live\/\",\"logo\":{\"@type\":\"ImageObject\",\"inLanguage\":\"fr-FR\",\"@id\":\"https:\/\/chasse-aux-tresors.colmar.live\/#\/schema\/logo\/image\/\",\"url\":\"https:\/\/chasse-aux-tresors.colmar.live\/wp-content\/uploads\/2024\/04\/cropped-cropped-Logo-2024-modified-3.png\",\"contentUrl\":\"https:\/\/chasse-aux-tresors.colmar.live\/wp-content\/uploads\/2024\/04\/cropped-cropped-Logo-2024-modified-3.png\",\"width\":512,\"height\":512,\"caption\":\"Chasse au Tr\u00e9sor de Colmar 2025\"},\"image\":{\"@id\":\"https:\/\/chasse-aux-tresors.colmar.live\/#\/schema\/logo\/image\/\"}}]}<\/script>\n<!-- \/ Yoast SEO plugin. -->","yoast_head_json":{"title":"Chasse au Tr\u00e9sor de Colmar 2025","description":"Venez vous challenger entre amis ou en famille en tentez de gagner le gros lot en d\u00e9couvrant les myst\u00e8res de Colmar. Samedi 10 Mai 2025, Place Rapp \u00e0 13h30.","robots":{"index":"index","follow":"follow","max-snippet":"max-snippet:-1","max-image-preview":"max-image-preview:large","max-video-preview":"max-video-preview:-1"},"canonical":"https:\/\/chasse-aux-tresors.colmar.live\/","og_locale":"fr_FR","og_type":"article","og_title":"Chasse au Tr\u00e9sor de Colmar 2025","og_description":"Venez vous challenger entre amis ou en famille en tentez de gagner le gros lot en d\u00e9couvrant les myst\u00e8res de Colmar. Samedi 10 Mai 2025, Place Rapp \u00e0 13h30.","og_url":"https:\/\/chasse-aux-tresors.colmar.live\/","og_site_name":"Chasse au Tr\u00e9sor de Colmar 2025","article_modified_time":"2025-04-10T11:15:25+00:00","og_image":[{"width":1920,"height":1080,"url":"https:\/\/chasse-aux-tresors.colmar.live\/wp-content\/uploads\/2024\/04\/Photo-de-la-petite-Venise-a-Colmar-au-Crepuscule.jpeg","type":"image\/jpeg"}],"twitter_card":"summary_large_image","twitter_misc":{"Dur\u00e9e de lecture estim\u00e9e":"1 minute"},"schema":{"@context":"https:\/\/schema.org","@graph":[{"@type":"WebPage","@id":"https:\/\/chasse-aux-tresors.colmar.live\/","url":"https:\/\/chasse-aux-tresors.colmar.live\/","name":"Chasse au Tr\u00e9sor de Colmar 2025","isPartOf":{"@id":"https:\/\/chasse-aux-tresors.colmar.live\/#website"},"primaryImageOfPage":{"@id":"https:\/\/chasse-aux-tresors.colmar.live\/#primaryimage"},"image":{"@id":"https:\/\/chasse-aux-tresors.colmar.live\/#primaryimage"},"thumbnailUrl":"https:\/\/chasse-aux-tresors.colmar.live\/wp-content\/uploads\/2024\/04\/Photo-de-la-petite-Venise-a-Colmar-au-Crepuscule.jpeg","datePublished":"2024-04-02T11:36:37+00:00","dateModified":"2025-04-10T11:15:25+00:00","description":"Venez vous challenger entre amis ou en famille en tentez de gagner le gros lot en d\u00e9couvrant les myst\u00e8res de Colmar. Samedi 10 Mai 2025, Place Rapp \u00e0 13h30.","breadcrumb":{"@id":"https:\/\/chasse-aux-tresors.colmar.live\/#breadcrumb"},"inLanguage":"fr-FR","potentialAction":[{"@type":"ReadAction","target":["https:\/\/chasse-aux-tresors.colmar.live\/"]}]},{"@type":"ImageObject","inLanguage":"fr-FR","@id":"https:\/\/chasse-aux-tresors.colmar.live\/#primaryimage","url":"https:\/\/chasse-aux-tresors.colmar.live\/wp-content\/uploads\/2024\/04\/Photo-de-la-petite-Venise-a-Colmar-au-Crepuscule.jpeg","contentUrl":"https:\/\/chasse-aux-tresors.colmar.live\/wp-content\/uploads\/2024\/04\/Photo-de-la-petite-Venise-a-Colmar-au-Crepuscule.jpeg","width":1920,"height":1080,"caption":"Photo de la petite Venise \u00e0 Colmar au Cr\u00e9puscule (Photo de Pierre Blach\u00e9)"},{"@type":"BreadcrumbList","@id":"https:\/\/chasse-aux-tresors.colmar.live\/#breadcrumb","itemListElement":[{"@type":"ListItem","position":1,"name":"Accueil","item":"https:\/\/chasse-aux-tresors.colmar.live\/"},{"@type":"ListItem","position":2,"name":"Accueil"}]},{"@type":"WebSite","@id":"https:\/\/chasse-aux-tresors.colmar.live\/#website","url":"https:\/\/chasse-aux-tresors.colmar.live\/","name":"Chasse au Tr\u00e9sor de Colmar 2025","description":"Colmar au Moyen-\u00e2ge","publisher":{"@id":"https:\/\/chasse-aux-tresors.colmar.live\/#organization"},"potentialAction":[{"@type":"SearchAction","target":{"@type":"EntryPoint","urlTemplate":"https:\/\/chasse-aux-tresors.colmar.live\/?s={search_term_string}"},"query-input":{"@type":"PropertyValueSpecification","valueRequired":true,"valueName":"search_term_string"}}],"inLanguage":"fr-FR"},{"@type":"Organization","@id":"https:\/\/chasse-aux-tresors.colmar.live\/#organization","name":"Chasse au Tr\u00e9sor de Colmar 2025","url":"https:\/\/chasse-aux-tresors.colmar.live\/","logo":{"@type":"ImageObject","inLanguage":"fr-FR","@id":"https:\/\/chasse-aux-tresors.colmar.live\/#\/schema\/logo\/image\/","url":"https:\/\/chasse-aux-tresors.colmar.live\/wp-content\/uploads\/2024\/04\/cropped-cropped-Logo-2024-modified-3.png","contentUrl":"https:\/\/chasse-aux-tresors.colmar.live\/wp-content\/uploads\/2024\/04\/cropped-cropped-Logo-2024-modified-3.png","width":512,"height":512,"caption":"Chasse au Tr\u00e9sor de Colmar 2025"},"image":{"@id":"https:\/\/chasse-aux-tresors.colmar.live\/#\/schema\/logo\/image\/"}}]}},"_links":{"self":[{"href":"https:\/\/chasse-aux-tresors.colmar.live\/index.php?rest_route=\/wp\/v2\/pages\/488","targetHints":{"allow":["GET"]}}],"collection":[{"href":"https:\/\/chasse-aux-tresors.colmar.live\/index.php?rest_route=\/wp\/v2\/pages"}],"about":[{"href":"https:\/\/chasse-aux-tresors.colmar.live\/index.php?rest_route=\/wp\/v2\/types\/page"}],"author":[{"embeddable":true,"href":"https:\/\/chasse-aux-tresors.colmar.live\/index.php?rest_route=\/wp\/v2\/users\/1"}],"replies":[{"embeddable":true,"href":"https:\/\/chasse-aux-tresors.colmar.live\/index.php?rest_route=%2Fwp%2Fv2%2Fcomments&post=488"}],"version-history":[{"count":7,"href":"https:\/\/chasse-aux-tresors.colmar.live\/index.php?rest_route=\/wp\/v2\/pages\/488\/revisions"}],"predecessor-version":[{"id":941,"href":"https:\/\/chasse-aux-tresors.colmar.live\/index.php?rest_route=\/wp\/v2\/pages\/488\/revisions\/941"}],"wp:featuredmedia":[{"embeddable":true,"href":"https:\/\/chasse-aux-tresors.colmar.live\/index.php?rest_route=\/wp\/v2\/media\/454"}],"wp:attachment":[{"href":"https:\/\/chasse-aux-tresors.colmar.live\/index.php?rest_route=%2Fwp%2Fv2%2Fmedia&parent=488"}],"curies":[{"name":"wp","href":"https:\/\/api.w.org\/{rel}","templated":true}]}}